c) = -c**3 + 2*c**2 + 2*c + 3. List the prime factors of h(d).
3, 5
Let s be (1 + -3)*(2 - 0). List the prime factors of (-2 - (s - -2)) + 13.
13
Suppose 3*j - 2*m - 366 = -5*m, 4*m - 614 = -5*j. What are the prime factors of j?
2, 3, 7
Suppose -k - 247 = -353. What are the prime factors of k?
2, 53
Let d(o) = -o**2 - 6*o + 3. Let n be d(-8). Let g = 28 + n. What are the prime factors of g?
3, 5
Suppose -4*d + 0*d = -64. What are the prime factors of d + (1 + -2 - 0)?
3, 5
Let l = 5 + -2. Suppose 4*n = 8, j - l*n = -4 + 18. What are the prime factors of j?
2, 5
Suppose -4*b + 95 = -17. Suppose b - 1 = i. List the prime factors of i.
3
Let y(f) = -f**2 + 5*f - 2. Let a(t) = t + 14. Let z be a(-10). List the prime factors of y(z).
2
Suppose 0 = -3*m + 5*m - 6. Suppose -62 = -5*h - 5*o + o, m*h - 3*o = 48. What are the prime factors of h?
2, 7
Suppose -7 = -6*n + 11. Suppose 4*t = 5*r + 19, -3*r - 2*t - 3 = 4. What are the prime factors of (8/r)/((-2)/n)?
2
Let x = 310 + -176. List the prime factors of x.
2, 67
Suppose 0 = -5*l + 4*l - 255. Let k = 180 + l. What are the prime factors of 8/28 - k/7?
11
Let c(n) = n + 4. Let o be c(8). What are the prime factors of 32/o - (-4)/(-6)?
2
Suppose 0 = f + 2*i, -2*i = -5*f - 6*i. Suppose f = -2*b - j + 24, -b + 3*j - 2 = -0*j. Let r = 21 - b. What are the prime factors of r?
11
Let m(c) = 2*c**2 - 8*c + 2. Let q be m(6). Let r be q + 3/(9/3). Let t = r + -14. What are the prime factors of t?
13
Let j(i) = -7*i + 181. List the prime factors of j(0).
181
Let j = -12 - -26. What are the prime factors of j?
2, 7
Let l(z) be the second derivative of z**4/12 - 2*z**3/3 - z. What are the prime factors of l(7)?
3, 7
Let o = -7 - -8. What are the prime factors of o/(-6) - 566/(-12)?
47
Let i be 0/(-1) + 57*2. Suppose 5*l + 39 - i = 0. What are the prime factors of l?
3, 5
Suppose 4*h + 57 - 389 = 0. What are the prime factors of h?
83
Suppose -2*s - 9 = -5*s. Let t = -8 - -10. Suppose t*k - 9 - s = 0. What are the prime factors of k?
2, 3
Let f be (-3 - 14/4)*-10. Suppose -4*m + f = 5*r, -65 = -r - 4*r - 2*m. List the prime factors of r.
13
Suppose -2*g + 8 = 2*g. What are the prime factors of (-1)/(g + (-196)/96)?
2, 3
Let o(p) = 7 + p + 0*p + 7. What are the prime factors of o(0)?
2, 7
Let y = -7 - -7. Suppose y = -2*l + 37 + 37. What are the prime factors of l?
37
Let w be (9/6 - 0)*2. Suppose 4*t - w*t = 8. List the prime factors of t.
2
Suppose -4*t + 7*t = 78. List the prime factors of t.
2, 13
Let x(r) = 4*r**3 + 5 - 5 - 2. What are the prime factors of x(2)?
2, 3, 5
Suppose -112 = 5*l + 4*r, -5*l + 2*l - r = 70. List the prime factors of 114/4 + (-12)/l.
29
Let c be 9/6*(-8)/(-3). Suppose -4*u + 20 = -c. List the prime factors of u.
2, 3
Suppose 5*n = 3*c - 39, -86 = -4*c - n - 11. What are the prime factors of (12/c)/(2/9)?
3
Suppose 4*g - 62 - 26 = -3*j, 4*j + 4*g - 116 = 0. What are the prime factors of j?
2, 7
Suppose -11 = -p - 5. Let t be (2/p)/((-2)/6). List the prime factors of (0 - -7)/(-1)*t.
7
Suppose 18 = 4*a - 2*b, a - 2 - 4 = b. List the prime factors of (8*a)/((-9)/(-6)).
2
Suppose i - 83 = -2*w, -3*i - 35 + 108 = 2*w. List the prime factors of w.
2, 11
Suppose 2*w - 94 = -3*r + r, 5*w - 39 = -r. List the prime factors of r.
7
Suppose 0*i + 5*g + 19 = 3*i, -g - 11 = 3*i. List the prime factors of (-10)/(-3) + i/6.
3
Let s(t) = 2*t**2 - 1. Let r be s(1). What are the prime factors of (1 + -4)*r/(-1)?
3
Let l(d) = -117*d - 3. List the prime factors of l(-2).
3, 7, 11
Let v(r) = -r**2 + 12*r + 2. Let m be v(10). Suppose -4*c = -b + m, -b - 3*c = -6*c - 17. What are the prime factors of b?
2
Let l be 9/(-3) + 71 + -2. Suppose 4*f + b = l, 3*f + 0*b - 2*b = 44. List the prime factors of f.
2
Let o = 2 - -6. List the prime factors of o.
2
Suppose 2*l + 3*n = -l - 15, l = -5*n - 25. What are the prime factors of 49/(-21)*(l - 3)?
7
Suppose -68 = 5*m - m. Let t(f) = -f**2 + 12*f - 26. Let c be t(12). Let u = m - c. What are the prime factors of u?
3
Let c be ((-3)/(-9))/(2/18). Suppose v + 3*j = 10, 5*v + j - c*j + 18 = 0. What are the prime factors of v/(-2*3/36)?
2, 3
Let m = 6 + 18. List the prime factors of m.
2, 3
Let k be -16*21/(-18)*3. Suppose -5*j + j = -k. List the prime factors of j.
2, 7
Suppose -488 - 46 = -6*b. What are the prime factors of b?
89
Let x(k) = -k**3 + 6*k**2 + 3*k - 9. Suppose -p + 2 + 4 = 0. What are the prime factors of x(p)?
3
Let o(u) = u + 3. Let i be o(3). Let r be (-6)/(-4) - 15/i. List the prime factors of (-6 + -1)*1/r.
7
Suppose -2*x - x = -27. What are the prime factors of x?
3
Let q = -25 + 37. What are the prime factors of q?
2, 3
Let w be 1/((6/21)/2). Suppose 4*s = -4*p + 24, -2*p + 6*s = 3*s - w. Suppose 27 = -3*y + p*y - r, 5*r = -3*y + 21. List the prime factors of y.
2, 3
Suppose -2*q + 14 - 6 = 0. Suppose m - 2*m + q = 0. List the prime factors of m.
2
Let z(a) = 2*a - 5. Let v be z(4). Suppose -v*l = -5*u - 6*l + 68, -u + l + 12 = 0. What are the prime factors of u?
13
Let s(n) = n + 6. Let i(v) = -3*v - 18. Let a(h) = -3*i(h) - 8*s(h). Let d be a(-6). Suppose d = 7*g - 2*g - 45. List the prime factors of g.
3
Let b(o) = -55*o - 47. List the prime factors of b(-4).
173
Let y(a) = -a**2 + 9*a + 17. Let m be y(10). Let k = m - 4. What are the prime factors of k?
3
Let x = 24 - -17. List the prime factors of x.
41
Let v(n) = n**2 - n. Suppose 0 = -2*w + k + 11, -2*w - 3*w + 25 = -2*k. List the prime factors of v(w).
2, 3
Let u be 0*(3 + -4) - -16. Suppose -3 = -c + u. What are the prime factors of c?
19
Suppose u = -4*u - 50. Let k = u - -22. Let y = k - 4. What are the prime factors of y?
2
Suppose -3*r + 13 = -w, -r + 19 = -0*r - 4*w. Suppose c = -r, 2*c - 1 = 2*b - 11. What are the prime factors of ((-6)/4 + b)*22?
11
Let g(u) = u**2 - 6*u + 17. What are the prime factors of g(5)?
2, 3
Suppose -2*j + 51 = l - 6*j, 0 = -3*l + j + 186. Let x = 9 + -4. Suppose 3 = -x*n + l. What are the prime factors of n?
2, 3
Suppose 2*o - 30 = -o. List the prime factors of o.
2, 5
Let a(d) = d**3 - 3*d**2 + 2*d + 2. Let q be a(2). Let v = q - 8. List the prime factors of (-40)/v*3/2.
2, 5
Suppose -3*v + 4 + 50 = 0. List the prime factors of v.
2, 3
Suppose 4*v - 79 = o - 2*o, 0 = -4*v + 2*o + 70. What are the prime factors of v?
19
Let c(f) = f + 8. Let y(s) = -s**2 + 3*s + 1. Let o be y(3). Let k be ((-1)/(o/14))/(-2). List the prime factors of c(k).
3, 5
Let w(g) = -g**3 - 6*g**2 + 7. Let b be w(-6). Let v = 10 - b. Let l = 11 - v. List the prime factors of l.
2
Let v = 4 - 0. Let q(s) = s**3 - 4*s**2 + 4*s - 2. What are the prime factors of q(v)?
2, 7
Let d(p) be the third derivative of p**6/18 - p**4/24 - 2*p**3/3 + 2*p**2. Let s(n) be the first derivative of d(n). List the prime factors of s(1).
19
Suppose m + 2*g = 4*g + 14, 18 = 5*m + 3*g. Suppose m = a + 4. Suppose -4*q - 3*w + 26 = -0*w, 36 = 4*q - a*w. What are the prime factors of q?
2
Let h(s) = -s**3 + 9*s**2 + 6*s + 5. Let i(k) = k**2 - 1. Let r(u) = -h(u) + 3*i(u). Let z be r(7). What are the prime factors of 7 + 1 + (z - -1)?
2
Let y be 4/((-1)/(1 + -2)). Let x be 10/(0/(-2) + 2). Suppose x = y*k - 7. What are the prime factors of k?
3
Let j be (0 - 1)*-35*-1. Let h be 16/40*(-2 + -48). Let f = h - j. What are the prime factors of f?
3, 5
Let d(u) = -u**3 + 4*u**2 - 5*u + 5. Let m be d(4). What are the prime factors of m/2*(-1 - 1)?
3, 5
Let p(a) = -16*a + 20. What are the prime factors of p(-6)?
2, 29
Let z be 1/((-39)/(-21) + -2). Let o = z - -13. List the prime factors of o.
2, 3
Let y = 17 - 10. What are the prime factors of y?
7
Let x = 4 - 2. Suppose 4*z - z - 2 = -x*c, c + 2*z = 0. Suppose 3*l - c = 32. List the prime factors of l.
2, 3
Suppose -125 = 5*d + 3*z - 461, -z = -5*d + 348. List the prime factors of d.
3, 23
Suppose 3*f = u - 11, 5*f + 37 = 7*u - 3*u. Suppose 5*k - 3 = -u. List the prime factors of (k - 2)*(-11)/3.
11
Suppose 3*s = 99 + 12. What are the prime factors of s?
37
Suppose -2*b + 3*b - 3 = 0, 173 = -4*i - b. Let t = -23 - i. What are the prime factors of t?
3, 7
Suppose 3*c = 21 + 63. Suppose 0 = 3*j + j + 5*w - c, w = -5*j + 14. Suppose 4*l = j*n + 26, -3*l - 2*n + 18 = -12. List the prime factors of l.
2
Let k be (-30)/(-4)*4/6. Suppose -a + 0 + 6 = 0. Suppose -k*t 